s = -13 - -36. Suppose -l = -30 - s. What is the tens digit of l?
5
Suppose -5*y = 6*w - w - 115, -2*y = -5*w + 122. What is the units digit of w?
4
Suppose -4*m + 5*b + 26 = 0, 2*m + b - 4 = 2. Suppose -2*w - 2 = v + 3, -v - m*w = 13. Let h = -1 + v. What is the units digit of h?
2
Suppose -3*i = -i - 3*y - 55, -10 = -i + 5*y. Let n = -16 + i. What is the units digit of n?
9
Suppose 5*n - 6 = 4. Let t(x) = -x**3 + 6*x**n + 0*x - 9 + 2*x + x. What is the units digit of t(6)?
9
Suppose -l - 3*l = -4, 7 = -2*o + 3*l. Let v be ((-20)/(-8))/((-1)/o). Suppose 5*g = -0*u - v*u + 25, 3*g + 2*u = 17. What is the units digit of g?
7
Suppose -4*c = -67 - 101. What is the tens digit of c?
4
Suppose 3*u + y - 137 = 0, 5*y + 215 = 7*u - 2*u. Let d = 14 - -11. Let q = u - d. What is the units digit of q?
0
Let f(s) = -s + 7. What is the units digit of f(2)?
5
Let z(q) = -q**2 + 2*q + 35. What is the units digit of z(0)?
5
Let i(m) = 2*m**2 - m - 1. Let n be i(2). Let l be (-2 - 0)/((-2)/4). Suppose x - l*o + n = 0, -36 = -3*x + 3*o - 8*o. What is the units digit of x?
7
What is the units digit of 10/(1*(-5)/(-15))?
0
Let f = 1 + 4. Suppose 4*b + f*q = 26, -2*q - 5 + 1 = 0. Suppose -3 + b = p. What is the units digit of p?
6
Let t(d) = d**3 + d**2. Let o be t(4). Suppose 4*u + 2*f + f = o, 0 = -4*u - 5*f + 88. What is the units digit of u?
7
Let j(g) = 6*g + 67. What is the tens digit of j(18)?
7
Suppose 2*a = a + 24. What is the units digit of a?
4
Let i = 0 - 0. Suppose -z = -2*m + 5, 13 = -i*m + 4*m - z. Suppose 0 = -2*f + 5*f - 9, m*f - 38 = -2*j. What is the tens digit of j?
1
Suppose 2*f - 12 = 4*v, -5*f + v = -v - 62. Let h = -8 + f. What is the units digit of h?
6
Suppose 3*y - 11 = -2. Let g = y - 5. Let u = 6 + g. What is the units digit of u?
4
Let g(i) = 7*i**3 - 1. Let l = -20 - -14. Let d(v) = v**3 + 6*v**2 + v + 7. Let h be d(l). What is the units digit of g(h)?
6
Let y(p) = p + 12. Let j be y(-9). Suppose -2*a - 3 = -3*q + 8, -3*q = j*a + 24. Let f(t) = -3*t - 10. What is the tens digit of f(a)?
1
Let a be (-4 - (-12)/4)*0. Let x(r) = r**2 - r + 2. What is the units digit of x(a)?
2
Let j = 152 + 31. What is the units digit of j?
3
Suppose 2*w + 36 = 4*w. What is the tens digit of w?
1
Suppose 549 = 9*g + 126. What is the units digit of g?
7
What is the units digit of (-11 - -1)*24/(-16)?
5
What is the units digit of (-598)/(-14) - (-8)/28?
3
What is the tens digit of (2 - -208) + -1 + (0 - 2)?
0
Let c(r) = -r**3 - 7*r**2 - r + 9. Let a = -8 + 8. Let n = -7 + a. What is the units digit of c(n)?
6
Let z(w) = w**2 - 8. What is the units digit of z(-4)?
8
Let k(b) = -97*b - 1. What is the tens digit of k(-2)?
9
Let y(b) be the third derivative of b**6/120 + b**5/10 + b**4/24 + b**3/6 - b**2. What is the units digit of y(-5)?
1
Let o be (-2)/(1 - -1) + 5. Let f be 2*(-1 - (-10)/o). Suppose -4*i = -f*n - 12, i - 6 = -i - n. What is the units digit of i?
3
Let h be 14/(-3)*6/4. Let s = -3 - h. Suppose -9 = -s*x + x. What is the units digit of x?
3
Let k(d) = -d**3 + 11*d**2 + 10*d + 17. Let z be k(12). Let q(o) = o**2 + 5*o + 1. What is the tens digit of q(z)?
1
Let j = -17 + 63. What is the units digit of j?
6
Let p(u) = u**2 + 4*u. Let w be p(-3). Let a = 3 - w. What is the units digit of a?
6
Let n = 13 + -7. Let y be 0 + 2 - (1 + n). Let t = 9 + y. What is the units digit of t?
4
Let u(j) be the first derivative of j**4/4 - 8*j**3/3 + j**2 - 6*j + 1. Suppose g + 4*w = -8, 2*g - 5*w - 44 = -g. What is the units digit of u(g)?
0
Let p be (4/6)/(1/(-18)). Let k be p/(-10)*(-75)/(-6). Suppose -d = -2 - k. What is the units digit of d?
7
Suppose 5*p + 2*x - 103 = 0, 0 = 5*p + 7*x - 3*x - 111. Suppose 0 = -5*b + 51 + p. What is the units digit of b?
4
Suppose -199 = -4*t - 31. Let g = -25 + t. What is the units digit of g?
7
Let h = -20 - -48. What is the units digit of h?
8
Let n = -10 + 15. Suppose -d - 2 = t - 0*d, 3*t - n*d = 2. What is the units digit of (-7)/(-2) + t/2?
3
Let c(o) = -o + 1. What is the tens digit of c(-9)?
1
Let t = 3 + -5. Let i(o) = 2*o**2 + o - 2. What is the units digit of i(t)?
4
Let n(p) = -2*p**3 - 7*p**2 - 3*p + 6. What is the tens digit of n(-5)?
9
Suppose 5*i = -3*a + 115, i - 4*i = -3*a + 99. Suppose 3*c + 4*s - 9 = 1, 0 = -2*c + 3*s + a. What is the units digit of 1/(-2) + c/4?
2
Suppose 0 = 2*c - 34 - 22. What is the tens digit of c?
2
Let l(a) = 6*a**2 + 11*a + 8. Let j(p) = -7*p**2 - 12*p - 9. Let t(d) = -5*j(d) - 6*l(d). Let o be t(-5). Suppose -o*k = 6 - 14. What is the units digit of k?
4
Let k(s) be the second derivative of -s**5/20 + 5*s**4/12 + 3*s**3/2 - s**2 + s. What is the tens digit of k(6)?
1
Suppose 0*p + 2*p - 5*o + 3 = 0, 0 = p - 2*o - 1. What is the tens digit of p?
1
Suppose 11 - 33 = -b. What is the units digit of b?
2
What is the units digit of 603/18 - (-1)/2?
4
What is the hundreds digit of ((-1288)/(-168))/(1/24 + 0)?
1
Suppose -5*n = -2*g - 135, 0*n - 27 = -n - 4*g. What is the tens digit of n?
2
Let u(i) = i**2 - 10*i. Let b be u(10). Suppose -4*x + 2*s + 118 = 12, 5*x + s - 122 = b. What is the tens digit of x?
2
Let c(u) = -2*u**2 + 11*u + 10. Let h be c(9). Let j = h - -74. What is the units digit of 5/10 + j/2?
1
Let n = 1 - -20. Let k = n + -10. Let c(p) = -p**2 + 12*p + 2. What is the units digit of c(k)?
3
Let f(d) = 2*d**2 - 3*d - 9. Let k be f(7). Suppose 2*x = -0*x + a + k, 0 = -x + 4*a + 20. What is the tens digit of x?
3
Let j(h) = 5*h**2. Suppose 3*t - 1 = 4*t. Let d be j(t). Let c = 8 - d. What is the units digit of c?
3
Let p(m) = 33*m - 22. What is the tens digit of p(5)?
4
Let a(c) = -c**3 + 11*c**2 + 12*c + 4. Let m be a(12). Suppose -3*q - 10 = -2*n - 5*q, -8 = -m*q. What is the units digit of n?
3
Let z be -2 + 7/(1/(-1)). Let y = -15 - z. Let n(b) = b**2 + 4*b - 8. What is the units digit of n(y)?
4
Let w(z) = z**3 - 11*z**2 + 22*z - 12. What is the tens digit of w(9)?
2
Let q(l) = -l**2 + 8*l - 5. Let b = -9 + 15. What is the units digit of q(b)?
7
Suppose 2*m - 7*m + 10 = 0. What is the units digit of (-235)/(-15) - m/(-6)?
6
What is the tens digit of 1/6 + ((-19495)/(-30))/7?
9
Let b(q) = -22*q - 1. Let y be b(-1). Let o = y + -11. What is the tens digit of o?
1
What is the hundreds digit of 284 + 2 + (-2 - -1)*4?
2
Let j be 7 + -2 + 6/(-2). Suppose -j*g = 3*g - 45. What is the units digit of g?
9
Let o(f) = -f**2 - 1. Let p be o(2). Let b(y) = y - 3*y + y. What is the units digit of b(p)?
5
Suppose -9*a = 28 - 541. What is the units digit of a?
7
Suppose d - 4*d + 5*l + 38 = 0, 3*d - 4*l = 34. Suppose 0 = -r - u + 5, -r - d*u = -u - 5. Suppose 0 = -b - r + 12. What is the units digit of b?
7
Let j be -1 + -1*(1 + -2). Suppose 0 = -j*i - 4*i + 52. Let z = 18 - i. What is the units digit of z?
5
What is the hundreds digit of (-33)/(-11) - -14*8*2?
2
Suppose 5*t = g - 3, -2*g + 5*t - 4 = -5. Let k = g + 14. What is the tens digit of k?
1
What is the tens digit of 4/(-2) - 128/(-4)?
3
Let r(n) = 0*n + 8*n + 10 - 7*n. Let t be 4/(-14) + 141/(-21). What is the units digit of r(t)?
3
Suppose -3*y + 56 + 114 = -l, -3*y - 3*l + 150 = 0. What is the tens digit of y?
5
Let i = 74 + -30. What is the tens digit of i?
4
Let c = 67 - -5. What is the tens digit of c?
7
Let p(z) = -5*z**2 - z + 4. Let x be p(-4). Let m = -50 - x. What is the units digit of m?
2
What is the units digit of (0 + 1 + 0)*26?
6
Let k = -175 - -313. What is the hundreds digit of k?
1
Let q = 51 + -22. Let t = q - 17. What is the tens digit of t?
1
Let y(t) = -t**3 - 4*t**2 - t + 3. Suppose -h - h = -5*c - 4, -4*c - 4*h = 20. Let j = c + -2. What is the units digit of y(j)?
7
Suppose 5*u - 102 = 218. Suppose -2 = -4*b + y + 46, 4*b = 5*y + u. What is the units digit of b?
1
Let n be 11/(-3) - (-4)/6. Let z = n - -6. Suppose 9 = z*f - 9. What is the units digit of f?
6
Let g be 2/(-1) + 0 - -1. Let b = g - -4. Suppose -3*j - 18 = -b*r, -r - 3*j - 30 = -6*r. What is the units digit of r?
6
Suppose -o = -r - 2*r - 71, o - 65 = r. What is the tens digit of o?
6
Let m(a) = -2*a - 1. Let c(q) = -5*q - 4. Let k(w) = -3*c(w) + 8*m(w). Let h be k(4). Suppose -t = -h - 1. What is the units digit of t?
1
Suppose -4*a + 4 = 0, -3*c - c + 43 = -a. What is the units digit of c?
1
Suppose 0 = 2*c - 4*q, c - 10 = -2*